28 + z. Determine p(y).
2
Let i be 3/(-2) - (-11)/(-22). Let g be (-12)/(-3) - 3*i. Suppose 0 = 3*y - g - 2. Let m(j) = j**3 - 3*j**2 - 2*j - 1. Calculate m(y).
7
Suppose 23 = 5*x + 53. Let z(b) = b**3 + 6*b**2 - b - 10. What is z(x)?
-4
Let z(a) = -4*a**2 + 4*a - 2. Suppose 2*q - 44 = 28. Suppose -5*f - q = 124. Let j = 34 + f. Calculate z(j).
-10
Let t(r) = r - 2. Let h be (-38)/5 - 10/25. Let s be 66/h - 2/(-8). What is t(s)?
-10
Let q = 7 + -8. Let z be (0 + 0)/(-4 + 2). Let i be 1 + q + 1 + z. Let a(x) = -2*x + 1. Calculate a(i).
-1
Let q = 620 - 621. Let m(f) = 7*f - 4. What is m(q)?
-11
Let h be 4 + -2 - 0*2/(-6). Let n be (2 + -1)*1 - (2 - h). Let s(o) = 7*o + 1. What is s(n)?
8
Let u(c) = 10*c - 10. Let d be u(-7). Let q be 6/(-4)*d/30. Let t be 6/q*24/9. Let b(y) = y. Give b(t).
4
Let h(k) = -4*k**2 - 10*k + 9. Let f(o) = 2*o**2 + 5*o - 5. Let g(d) = -5*f(d) - 3*h(d). Suppose -5*w = 4*v + 16, 0 = -5*v - 5*w - 0 - 20. What is g(v)?
10
Let w(q) be the first derivative of q**4/8 - 2*q**3/3 + q**2 - 11. Let n(y) be the second derivative of w(y). Calculate n(5).
11
Let v(c) = -11*c**2 - 12*c - 3. Let h be (12/(-7))/((-6)/21). Let x(o) = 5*o**2 + 6*o + 2. Let u(b) = h*v(b) + 13*x(b). Calculate u(7).
1
Let n(b) = 5 - 7 - 5*b**2 + 4 + 8*b. Let c(y) = 4*y**2 - 7*y - 2. Let z(q) = -6*c(q) - 5*n(q). What is z(-2)?
2
Let b(q) be the second derivative of q**4/12 + q**3/3 + 2*q**2 + 2*q - 31. What is b(-3)?
7
Let m(a) = a**3 - 2*a**2 + 3*a - 1. Let t = -25 + 35. Suppose -3*c = -2*f - t, -c = -2*c - 5*f + 9. Let d = c + -2. Determine m(d).
5
Let w(s) = 3*s**3 - 6*s**2 + 6*s - 2. Let f(x) = 13*x**3 - 24*x**2 + 24*x - 8. Let g(k) = 2*f(k) - 9*w(k). Give g(4).
10
Let t(a) = 2*a - 11. Let r(j) = 22*j + 11 - 15 - 21*j. Let v(g) = 8*r(g) - 3*t(g). What is v(1)?
3
Let f(k) = 4*k + 5. Let o(i) = 9*i + 10. Let x(y) = -7*f(y) + 3*o(y). Give x(-8).
3
Let v(a) = -a**2 + 2*a**2 + 2*a + 5 + 5*a. Let g = -656 + 651. Calculate v(g).
-5
Let p = 14 + -17. Let j(n) = -n**2 + 3. Give j(p).
-6
Let q be (2 + -3)*(12 + -11). Let t(x) = x. Let c(h) be the second derivative of -h**3/3 - 5*h**2/2 - h. Let u(m) = q*t(m) - c(m). What is u(-7)?
-2
Let y be (-4 - -7)*1*(2 + 1). Let a = y + -13. Let s(u) = -u**2 - 2*u - 4. Calculate s(a).
-12
Let t(x) = -3*x + 1. Let p(u) = -u - 1. Let z(m) = -4*p(m) + 2*t(m). Determine z(3).
0
Let g(l) be the first derivative of -1/120*l**6 + 0*l**3 + 1 + 5/2*l**2 + 0*l + 1/10*l**5 + 1/24*l**4. Let h(k) be the second derivative of g(k). What is h(6)?
6
Let h(u) = u - 2. Suppose -5*b = -5*j + 65, 3*j + 7*b - 4*b = 21. What is h(j)?
8
Suppose -r - 2*r - 3*m + 21 = 0, 2*r + 14 = 5*m. Let f be (-2)/(-6) + (-7)/r. Let d be (-1 - 4 - f) + 7. Let u(n) = n**3 - 3*n**2 - 6*n + 6. What is u(d)?
-2
Let t(z) = z**2 - 11 - 10 + 11. Determine t(0).
-10
Let n(a) = -25*a + 3*a + 7*a - 1 + 3*a + 6*a - a**2. Determine n(-6).
-1
Suppose 2*t = 2*j + 4, 4*j - 3*t = -j - 8. Suppose -4*i = 6 - 2. Let p(s) = -1. Let k(o) = 4*o - 4. Let d(y) = i*k(y) + j*p(y). Determine d(4).
-11
Let u(t) = -2*t - 9. Suppose -3*x - 4*s = 2*x - 127, 0 = 4*x + 4*s - 104. Let p = x + -29. Calculate u(p).
3
Suppose 0 = 695*f - 702*f - 70. Let i(d) = -2*d - 15. Determine i(f).
5
Let c(d) be the second derivative of -d**5/20 + 7*d**4/12 + d**3/2 + 3*d**2 - 169*d - 3. Give c(7).
27
Suppose -v + 4*p = 37, 3*v - 5*p + 245 = -2*v. Let h = 59 + v. Let r(y) = -1. Let j(t) = -t + 2. Let n(z) = -j(z) - 2*r(z). What is n(h)?
6
Let z(s) be the first derivative of s**2 - 8*s + 1. Suppose 30 + 12 = 7*q. Calculate z(q).
4
Suppose 10 = 294*k - 292*k. Let l(u) = -12*u + 3. Determine l(k).
-57
Let m(i) = 7*i**2 - 3*i - 2*i**2 - 4*i**2 + i**3. Let q be 828/(-299) - (-18)/(-78). What is m(q)?
-9
Let v(o) = o**2 + 5*o - 22. Let m be v(-9). Let s(h) = -m + 2*h - 70*h**2 + 71*h**2 - 3*h. Let z = -1 + 1. Give s(z).
-14
Let f be 0/1 + 0/(-21). Suppose -8*x + 7*x = f. Let l(q) be the second derivative of q**3/6 - q**2 + 2*q. Give l(x).
-2
Suppose 10 = r + 4*r. Let h(o) = 7*o**2 - o + 36. Let t(c) = 15*c**2 - 2*c + 78. Let z(m) = -13*h(m) + 6*t(m). What is z(r)?
-2
Let m(i) = 32*i - 7. Let o(b) = 17*b - 4. Let p(d) = -6*m(d) + 11*o(d). Let s be (6 - 0)/(-2 + 0). Calculate p(s).
13
Suppose 12 = 3*a + 4*v - 3, 3*a = v. Let d(u) = -3*u**2 - 3*u + 4. What is d(a)?
-2
Let y(b) = 2*b**2 - 1. Let d(h) = h**2 - 7*h - 16. Let s be d(9). Suppose -8*n = -3*n + 15, 5*a + 3 = -n. Let w be (1 - a)*(-2)/s. Give y(w).
1
Let s(r) = 6. Let m(i) = 14*i - 23. Let c(h) = -m(h) - 4*s(h). Calculate c(1).
-15
Let o(g) be the first derivative of -g**3/6 + g**2 - 9*g + 10. Let h(v) be the first derivative of o(v). Calculate h(7).
-5
Let u(t) = -3*t - 4*t**3 - 3*t**2 + t**3 + t**2 + 7. Let y(s) = 122*s + 977. Let n be y(-8). Let m(c) = -c**3 + 1. Let f(i) = n*u(i) - 4*m(i). Calculate f(3).
3
Let p(s) = 2*s - 8. Let n be p(8). Let z = n + -3. Suppose z*r = -7 + 2. Let b(q) = 7*q**3 - 2*q**2 - q. Give b(r).
-8
Let b = 3 + 2. Let f(x) = 5*x**2 + 8*x - 6. Let n(a) = -8*a**2 - 15*a + 11. Let z(o) = -5*f(o) - 3*n(o). Calculate z(b).
-3
Suppose -13 = 7*w + 1. Let m(t) = -5*t**3 - 4*t**2 - 3*t - 2. What is m(w)?
28
Let t be -1 - 1/(-4 + 3). Let y(u) = -3*u - 1 + t*u + 4*u + 10. Let q be y(-12). Let g(m) = -m**2 - 6*m - 2. Determine g(q).
7
Let g(x) = 3 + 0*x + x**2 - 13*x + 3*x - 1. What is g(8)?
-14
Let s = -654 - -651. Let i(l) = 2*l**2 + l + 1. Calculate i(s).
16
Suppose -3*q + 2*c = -19, -q + 5*c = 4*q - 25. Suppose -q + 1 = -t. Let z(a) = -4 + 9*a**3 - 4*a**2 - t*a**3 - 2*a**2 - 6*a + a**2. Calculate z(6).
-4
Let y(g) = 31*g**3 - 2*g**2 + g. Let k(j) = -j**3 + 8*j**2 + 5*j + 37. Let d be k(9). What is y(d)?
30
Let u(x) = -x**2 - 224854*x + 4 + 224855*x + 5. Calculate u(-5).
-21
Let u be 4/3*(-2 - -8). Let b(o) be the third derivative of o**6/120 - 7*o**5/60 - 7*o**4/24 - o**3 - 2924*o**2. Determine b(u).
2
Let h(y) = 172 - 342 + 170 - y. Let i(j) = 18*j. Let f(o) = 5*h(o) + i(o). Determine f(1).
13
Let a = -20 - -20. Let k(d) = 84 + d**3 - 42*d + d**2 - 76 + 43*d. Give k(a).
8
Let d(c) = -111*c**2 - 6*c - 23. Let j(g) = -51*g**2 - 3*g - 11. Let v(x) = -6*d(x) + 13*j(x). Calculate v(4).
31
Let q be 3*(-3)/(54/120). Suppose 2*k - 18 + 2 = 0. Let d be (0 + q/k)*2. Let n(r) = -r**3 - 5*r**2 - 1. Calculate n(d).
-1
Let f(h) = h**3 + 1. Let d(w) = 3*w**2 - 3*w - 6. Let c(n) = -d(n) - 2*f(n). Calculate c(-3).
22
Let c(f) be the first derivative of f**3/3 - f**2 - 3. Let s = 29 + -27. Let x be c(s). Let i(p) = p**2 - p + 9. What is i(x)?
9
Let p(b) be the first derivative of -b**4/4 - 16*b**3/3 - 15*b**2/2 + 8*b - 495. Determine p(-15).
8
Suppose -3*m = -6*i + 2*i + 13, 4*m = 5*i - 15. Suppose -4*q = 5*r + 6, -2*r - 5 = 4*q + i. Let g(s) = -4*s - 2 + s + 7 + r*s. Give g(5).
0
Suppose 0 = 5*t + 4*w - 98, -189*t + 194*t - 86 = 2*w. Let s(k) = k**3 - 18*k**2 + 3. What is s(t)?
3
Let j(o) = 2*o + 7*o + 3*o - o**2 - 1 - 10*o. What is j(-2)?
-9
Let t be 3*(-1 - -4 - 2). Let m(z) be the first derivative of z**2/2 + 3. Give m(t).
3
Suppose 70 - 90 = -10*q. Let l(r) be the first derivative of 1 - 3/2*r**q + 4/3*r**3 - 1/4*r**4 - 4*r. What is l(3)?
-4
Suppose 0 = -4*z - 59 + 67. Let y(r) = 6*r**2 - 18*r**2 - r + 7*r**2 + z + r**3. Give y(5).
-3
Let i be 4 - 1/(3/6). Let k be (i/(-6))/((-9)/54). Let b(y) = -4*y + 4 - 12 - y**k + 2. Give b(-6).
-18
Let r(n) = 2*n - 1. Let t = 156 - 156. Calculate r(t).
-1
Suppose 50*l - 39*l = -88. Let u(h) = -h**2 - 6*h + 9. Calculate u(l).
-7
Let w(a) = a + 1. Suppose -q - 32 = 10*z - 13*z, -q = 5. Calculate w(z).
10
Let t(q) be the third derivative of q**5/60 - q**4/8 + q**3/2 + 169*q**2 + 2*q. Give t(2).
1
Let u = 16 - -343. Suppose 0 = -u*h + 363*h - 8. Let z(o) = -2 + 0*o + o - o**2 + 0. Calculate z(h).
-4
Let g be -3 + (4 - 0/(-2)). Let z(h) = g + 0*h - 4*h + 3*h - 2. Suppose 7*f - 4*f - 4*o = 35, -5*o = -2*f + 35. Determine z(f).
-6
Let w(t) = 9 - 6*t**2 - 5*t**2 + 12*t**2 - 155*t + 166*t. Give w(-11).
9
Let o(b) = b**2 - 2*b - 1. Let f(l) = -3*l**2 + 7*l + 2. Let w(h) = -2*h**2 - 11. Let k be w(0). Let j(q) = k*o(q) - 4*f(q). Give j(5).
-2
Let y(z) = 5*z**3 - z**2 - 2*z - 1. Let k be 2/8*-6*(-18)/(-27). Give y(k).
-5
Let p(i) = i + 5. Let h(z) be the third derivative of z**6/20 + z**5/60 + z**4/12 + z**3/6 - 2*z**2. L